mainder when r is divided by 23?
21
Suppose -3*z + 6 = 0, 2*n + 3*z = 48 - 154. Let i = n + 64. Calculate the remainder when 51 is divided by i.
3
Let c = -344 + 448. Calculate the remainder when 271 is divided by c.
63
Let m = -3321 + 3364. Calculate the remainder when 900 is divided by m.
40
Suppose 2*j - 34 = -5*z, -58*z = -2*j - 62*z + 30. What is the remainder when 1825 is divided by j?
5
Suppose -5*y - 5*v = -2*y - 70, 2*y = -v + 49. Let l(x) = 3*x**2 + 9*x + 35. Calculate the remainder when l(-9) is divided by y.
22
Let j(m) = 6*m**3 - 15*m**2 + 2*m - 3. Let l(w) = -w**3 - 6*w**2 + 11*w + 2. Calculate the remainder when j(4) is divided by l(-8).
23
Suppose -58*l = -1694 - 626. Calculate the remainder when 158 is divided by l.
38
Let w be ((-4)/6)/(3/6)*-9. Suppose -24 = w*d - 18*d. Suppose 17 = d*o - 83. Calculate the remainder when 47 is divided by o.
22
Let t = -5770 - -5781. Calculate the remainder when 173*(-1 - (-1 - 1)) is divided by t.
8
Let m(a) be the second derivative of 5*a**4/12 + a**3/2 + 7*a**2/2 + 5*a. Calculate the remainder when m(-5) is divided by ((-8)/(-6))/(68/1530).
27
Suppose -36*n = -19821 + 15681. Calculate the remainder when n is divided by 1/(-4)*2*-58.
28
Calculate the remainder when ((-122)/(-4))/((-1370)/3760 - 6/(-16)) is divided by 67.
53
Let o = -52 - -54. Let w be 1/(-4 + 3) - -6. Suppose r = 3*c + o*c - 295, 5*c - 295 = w*r. Calculate the remainder when c is divided by 31.
28
Suppose -728*z - 24820 = -874*z. Calculate the remainder when 525 is divided by z.
15
Suppose 8*c + 5*b - 124 = 393, -5*c - 2*b + 322 = 0. Let s(g) = -29*g**3 - 2*g - 1. Calculate the remainder when c is divided by s(-1).
4
Calculate the remainder when ((-6)/15)/((-1)/285) + (9 - 3) is divided by 70.
50
Calculate the remainder when 678 is divided by 120*(-7 + 198/27).
38
Let p = 2 + 0. Suppose 52*u + 151 = 307. Suppose -u*d + 79 = -p*k, -2*d = -2*k + k - 53. What is the remainder when 242 is divided by d?
26
Let n = 4025 + 498. What is the remainder when n is divided by 87?
86
Calculate the remainder when ((-46)/5)/((-162)/8100) is divided by 16.
12
Let i(f) = 3*f**2 - 29*f + 36. Calculate the remainder when 283 is divided by i(9).
13
Let t(h) = -201*h - 149. Let b be t(-8). Let l = b - 621. Calculate the remainder when l is divided by 35.
33
Suppose 0 = 3*i + 21, -3*i + 107 = 18*v - 14*v. Calculate the remainder when 343 is divided by v.
23
Suppose 55*i = 30*i + 850. Let c(s) = s**2 + 2*s + 123. What is the remainder when c(0) is divided by i?
21
Let h = -60 + 68. Let s be (85/3)/1 + (-1)/3. Suppose -35*v - s = -36*v. What is the remainder when v is divided by h?
4
Let l(u) = u**2 - 16. Let x be l(-8). Let t = -48 + x. Suppose r - 4*m - 9 = t, -3*r = m + 2*m - 72. Calculate the remainder when 83 is divided by r.
20
Let f be ((-5)/(-15) + (-138)/9)*1. Let z(g) = -g**2 - 22*g + 10. Calculate the remainder when z(f) is divided by 39.
37
Let k be 1/(-3)*(4 + 2)*-20. Suppose 4*a = 12*a - k. What is the remainder when 22 is divided by a?
2
Let b = 13698 - 13155. Calculate the remainder when b is divided by 95.
68
Let c(r) = r**2 + 2*r + 4. Let t be c(2). What is the remainder when 9/2*220/99 is divided by 12*3*1/t?
1
Let x(o) = -o**3 - 24*o**2 + 46*o - 32. Let q be x(-26). What is the remainder when 24 is divided by 1/(-4)*3 - q/(-16)?
3
Let s(z) = -z**2 + 5*z - 2. Calculate the remainder when 10*-2 + 11700/390 is divided by s(3).
2
Suppose 0 = 31*u - 41*u. Let j = -1 - -1. Suppose u*a - 15 = 5*a, j = 3*d - 3*a - 105. Calculate the remainder when d is divided by 18.
14
Suppose 4*o + 2*v - 30 = 8*o, 0 = -o - v. Let u = 12 + o. Let y(t) = 2*t**3 - 27*t**2 - t - 170. What is the remainder when y(14) is divided by u?
5
What is the remainder when 80 is divided by (1314/(-54))/(-1) + (-2)/(-3)?
5
Suppose -33*w + 39*w = 246. Suppose 58 = -12*q + w*q. Calculate the remainder when q is divided by 2.
0
Suppose -24 = 40*f - 44*f. What is the remainder when (2310/7)/(f/9) is divided by 6?
3
Let o be 71 + (-5)/5*4. Let k = -59 + o. Suppose -135 = -k*i - i. What is the remainder when 28 is divided by i?
13
Let k(u) = 2*u**2 + 6*u - 14. Let o = -39 - -61. Let f be (17 + -2)*o/(-55). What is the remainder when 65 is divided by k(f)?
21
Let r be -19 + 17 + 1*5. Let g(i) = 10*i**3 - i - 2. Let q be g(2). Suppose r*j + f - q = -4*f, 4*j - 5*f = 43. Calculate the remainder when 49 is divided by j.
15
Suppose 0 = -4*h + 8 + 4. Let f(n) = -n + 8. Let w be f(h). Suppose -3*y = -v - 124, 0 = 4*y + y - w*v - 190. What is the remainder when y is divided by 9?
7
Suppose o + 0*t + 5 = 4*t, -5*t + 1 = -3*o. Suppose 5*r = -4*i, -3*i + 7*i - 32 = o*r. Calculate the remainder when 66 is divided by i.
1
Suppose 24*i - 5260 = -5*f + 20*i, -3*i = 4*f - 4208. What is the remainder when f is divided by 33?
29
Let t(f) = 2*f**3 + 112*f**2 - 128*f - 518. What is the remainder when 1603 is divided by t(-57)?
203
Let a be 117/2*240/24. Suppose a = 21*p - 45. Calculate the remainder when 70 is divided by p.
10
Let d(s) = -1680*s - 23501. Calculate the remainder when d(-14) is divided by (-7)/3*(1 + -4).
5
Let t(z) be the first derivative of 4*z**3/3 - 5*z**2/2 + 7*z + 620. Suppose n - 1 = 1. Calculate the remainder when 35 is divided by t(n).
9
Let h(a) = 7*a**2 + 17*a - 7. Let s be h(3). Suppose -5*v - s = -132. What is the remainder when v is divided by 3?
2
Let l = -10112 - -10353. Calculate the remainder when 246 is divided by l.
5
Let s = 16888 - 16830. What is the remainder when 6959 is divided by s?
57
Suppose -19*q = 24*q - 4386. Calculate the remainder when 503 is divided by q.
95
Suppose y = -5*q + 15, 6 = -y + 4*q + 3. Let t = 22 + -20. Calculate the remainder when y is divided by t.
1
Suppose 12*p - 8888 = 11644. Calculate the remainder when p is divided by 253.
193
Let j = 499 + -457. Suppose 1023 = 5*r - 3*w, 0 = 4*r + 4*w - 7*w - 816. What is the remainder when r is divided by j?
39
Suppose i + 3*j + 24 = -2*j, 3*j + 28 = -i. Let k = -31 - i. Suppose -9*t + k*t + 90 = 0. Calculate the remainder when t is divided by 8.
7
Let v(k) = 3*k**2 - 78*k - 698. What is the remainder when v(57) is divided by 3?
1
Suppose -2*d = -k - 3, -3*k + 5 - 12 = -5*d. Suppose -b + f = -9, 42 = 5*b + d*f - 4*f. What is the remainder when 60 is divided by b?
4
Let y be (-2 + 0 + 1)/(6/(-66)). Suppose -22*o = -21*o - y. Calculate the remainder when ((-3)/(-2) + -1)*84 is divided by o.
9
Let f(x) = -x**2 - 17*x - 13. Let c be ((-16)/5)/((-48)/(-240)). Suppose -3*g + 3 = -4*l + 10, -2*l + 8 = 0. Calculate the remainder when f(c) is divided by g.
0
Let s = -1 - -30. Calculate the remainder when (-1977)/(-6) + 2800/160 is divided by s.
28
Calculate the remainder when 1086 is divided by ((-6)/(-2))/(-10 - 1386/(-138)).
51
Suppose 27*k - 29*k = -70. Calculate the remainder when 834 is divided by k.
29
Let l(w) = -w**2 - 7*w - 1. Let h be l(-6). Let j = h - 0. Suppose -91 + 406 = 143*v - 400. Calculate the remainder when j is divided by v.
0
Let i = 3938 - 3825. What is the remainder when 258 is divided by i?
32
Suppose 45 = 8*g - 3*g. Suppose 2*p = 4*s + 7*p - 9, -3*s - 3*p = -9. Calculate the remainder when s is divided by (-5 - 3/(-3)) + g.
1
Let j(o) = o**3 - 24*o**2 - 26*o - 44. Let m be j(25). Calculate the remainder when 85 is divided by m/(-9) - (-15)/45.
5
Let q(h) = 8 - 7*h + 0*h + 50*h**2 - 2*h - 47*h**2. Let j be q(7). Suppose -2*y - 3*o + 23 = -0*y, 5*y - j = 4*o. What is the remainder when 54 is divided by y?
6
Suppose -5*f = -4*b + 222 + 103, -5*f = -15. Suppose b*k - 92*k = -399. What is the remainder when k is divided by 10?
7
Let j(u) = 6*u**2 - 30*u - 75. Calculate the remainder when 112 is divided by j(7).
4
What is the remainder when 332*3*(-35)/(-15) is divided by 13?
10
Suppose 0*k - 5*k = -95. Suppose -7*d + 44 = -k. Let l(q) = q**3 - 9*q**2 + 4*q - 4. What is the remainder when l(d) is divided by 17?
15
Let o(a) be the first derivative of -11*a**4/4 - 2*a**2 + 3*a + 69. Calculate the remainder when o(-3) is divided by 35.
32
Let n(d) = d**2 + 8*d - 5. Let j be n(-13). Let r = j + -57. Suppose r*a + 35 + 32 = 2*p, 4*a = p - 36. Calculate the remainder when 60 is divided by p.
28
Let b(c) = -c**3 - 22*c**2 + 409*c + 114. Calculate the remainder when 292 is divided b